6 = 4*p. Suppose 110 = z*f - d. Is f a composite number?
False
Let o be ((-36)/(-4))/(2/2). Let p = o + -5. Let k(z) = 2*z**3 + 6*z**2 - 6*z + 5. Is k(p) composite?
True
Let t = -2278 + -318. Let w = 247 - t. Is w a composite number?
False
Let n = -194 + 305. Suppose 5*l - 851 = -n. Let a = -27 + l. Is a a prime number?
False
Suppose -49*q + 115839 = 18868. Is q a prime number?
True
Let u = 53069 - 31800. Is u a composite number?
False
Let g(p) be the second derivative of p**5/20 + 5*p**4/12 + p**3/2 + p**2/2 - 5*p. Let r be g(-6). Let t = 420 - r. Is t a composite number?
True
Suppose -330 = -2*d - 284. Is d a composite number?
False
Let x(c) = -c**3 - 2*c**2 + 3*c - 7*c + 3*c. Let j be x(-1). Suppose u - 1 = j, 4*i + 2*u - 3*u = 939. Is i prime?
False
Let l(y) = 15*y**2 - 11*y + 7. Let u be l(-8). Let k = u + -695. Let c = 683 - k. Is c a composite number?
True
Let y(p) = -110 + 12*p + 2*p**2 + 200 - 143. Is y(12) a prime number?
True
Let p(l) = -l**3 - 3*l**2 + 3*l - 2. Let n be p(-4). Let w = 646 - 646. Suppose -n*o - 248 + 782 = w. Is o a composite number?
True
Suppose 0 = -5*w + q + 69920, -5*w - 2*q = 2*q - 69945. Is w composite?
True
Let p = -232 - -485. Let s = -302 - -397. Let q = p - s. Is q composite?
True
Let o be 0*3/(12/(-4)). Suppose -990 = -3*q - o*q. Let w = q - 152. Is w composite?
True
Let d(f) = -321*f**3 + 3*f**2 + 4*f + 1. Is d(-2) a prime number?
False
Suppose 5*r + 4*r = 9333. Suppose -4*k - q + r = -0*q, 4*q + 255 = k. Is k prime?
False
Suppose 0 = 2*i + 2*i - 8. Suppose 125 + 31 = i*g. Suppose g = t - 7. Is t composite?
True
Let q be (-8)/(-3)*6/4. Suppose s = -q*f + 71, 2*f - 18 = s + 19. Let v = f + 71. Is v composite?
False
Let a(z) = 10*z**2 + 18*z - 41. Is a(10) a composite number?
True
Let i = 8 - 8. Suppose 2*k + i*k - 5*m - 1344 = 0, k - 666 = 4*m. Suppose 3*u = k + 71. Is u prime?
True
Let v(w) = -59*w**2 + w - 7. Let r(z) = 59*z**2 - z + 7. Let t(f) = 5*r(f) + 4*v(f). Is t(-3) a composite number?
False
Suppose 3*j + 6345 = -993. Let a = -1584 - j. Is a prime?
False
Suppose 3*z = 5*n - 2 + 23, 0 = 3*z + 2*n. Is z/3*-3*(-719)/2 a composite number?
False
Let g be ((-2)/3)/((-8)/60). Suppose 0 = -g*j + 61 + 34. Is j composite?
False
Suppose -3*j - j = k - 55, 0 = 2*k - 4*j - 98. Let h = -149 - -775. Suppose -k + h = 5*i. Is i a prime number?
False
Is 2/(-9) + (-3 - 378774/(-81)) a composite number?
False
Let w be (-5)/((-10)/4) + 0. Suppose w*o - 3*o = -588. Suppose -o = -6*z - 174. Is z a composite number?
True
Suppose 0 = 5*i + 919 - 3864. Let h = 2028 - i. Is h composite?
False
Let q be 2/(7/(3962/4)). Let j = q + -156. Is j a composite number?
False
Let c be 3830/20*4/2. Let o = c - -26. Is o composite?
False
Suppose -o - 5*f = 2*o - 29, o + 4*f - 19 = 0. Suppose -2*v - t = -0*t - 2013, -5*v - o*t = -5032. Is v composite?
True
Let u(c) be the third derivative of c**6/180 + c**5/12 - 23*c**4/24 - 5*c**3/3 + 11*c**2. Let d(s) be the first derivative of u(s). Is d(11) a prime number?
False
Let m(r) = -1. Let z(w) = -210*w + 4. Let b(j) = -6*m(j) - z(j). Is b(2) a prime number?
False
Suppose 4*s - 9*s = 5*r - 103910, 2*s + 4*r = 41562. Is s a prime number?
False
Let o be (1 + 3)/((-4)/6). Let g be (-690)/(-9) - (-4)/o. Suppose -g = -0*a - 4*a. Is a prime?
True
Suppose 0*y = y. Suppose y = -3*w + 4*w - 4. Suppose -895 = -w*p - 3*c, 0 = -3*p - 2*c - c + 672. Is p a prime number?
True
Let y = 3355 + -1884. Is y a prime number?
True
Suppose 1427 + 43 = 15*i. Suppose 95*q + 1437 = i*q. Is q a composite number?
False
Let c be -1*(-1 + 4 + -2304). Suppose -9*j + c = -1821. Is j a prime number?
False
Let q(a) = a**2 - a - 1. Let g be q(-2). Suppose 0 = j + g*j - 1074. Is j composite?
False
Let r(p) = -30*p**3 - 3*p**2 - 4*p - 4. Let k(h) = 3*h + 9. Let q be k(-4). Is r(q) a prime number?
False
Let f(r) = 6 + 8*r + r - 41*r**3 + 39*r**3. Is f(-5) prime?
True
Let a(f) = f - 36. Let m(c) = c**2 + c + 1. Let o(h) = a(h) + 4*m(h). Is o(7) a composite number?
False
Let l = -7 - -9. Suppose -2*p + 1294 = -l*c, -4*p + 0*p - c = -2598. Is p prime?
False
Let u(j) = j**3 + 9*j**2 + j - 3. Let a be u(-9). Let w(v) = 3*v**2 - 6*v - 5. Is w(a) a composite number?
False
Suppose 5*i - 26 = j, 0 = 2*i + i - 5*j - 20. Suppose -20 = -5*a - 0, 0 = -3*y - i*a + 41. Suppose y*f - 5*f - 938 = 0. Is f composite?
True
Is (-180)/(-2070) - 1205334/(-46) prime?
True
Let u(q) = q**2. Let y(i) = -i**3 - 3*i**2 + i - 141. Suppose 0 = 6*w - w + 15. Let j(p) = w*u(p) - y(p). Is j(0) a prime number?
False
Let a(i) = -6*i - 1. Let f(z) = -z**3 + 13*z**2 + z - 4. Let x be f(13). Let n be a(x). Let s = 196 + n. Is s a prime number?
False
Let f = 67994 - -28053. Is f prime?
False
Suppose -2*s + 14 = -28. Suppose 0*m - 2*g = -5*m, -4*m = 3*g - 23. Suppose s + m = t. Is t composite?
False
Let o(r) = -r**3 + 7*r**2 + 4*r + 26. Let k be o(8). Is (-11302)/k - (-2)/(-3) prime?
False
Let r(f) = -12482*f + 291. Is r(-5) composite?
False
Let s be (-2 + 3)*-4 + 9. Suppose 802 = s*k - 2263. Is k prime?
True
Let c be 2 - ((2 - 7) + 2). Let q(k) = 20*k - 3. Is q(c) a composite number?
False
Suppose 0 = 2*t + 2*j - 6, 3*t - 4*j - 9 = -2*j. Suppose 16823 = t*n + 5324. Is n prime?
True
Let n = 6761 - -2760. Is n a composite number?
False
Let c be (16/(-4 - -2))/(-2). Suppose -3*k + 1577 = -403. Suppose 5*m + k = c*y + 4017, 0 = -3*m + 3*y + 2013. Is m composite?
False
Let t = 794 + 1053. Suppose 3197 = 4*h - t. Is h a composite number?
True
Suppose 0 = -5*m - 15, 4*a - 3153 = -5*m + 268. Suppose a = -4*l - 1725. Is (-2)/(-5) - l/10 a composite number?
True
Let h(i) = -4*i**2 - 2*i - 2. Let x be h(-2). Let z = x - -141. Is z a prime number?
True
Let g = 180 - 42. Let j = g - 26. Suppose -3*s + 47 = -j. Is s composite?
False
Let b = 357 + 46. Let u(x) = 21*x - 2. Let f be u(-4). Let j = f + b. Is j prime?
True
Suppose -2*c + 6294 = 4*c. Is c a composite number?
False
Let a be (6/(-4))/(1/(-340)). Suppose 412 - 388 = 12*i. Suppose -2*q = i*g - 4*q - a, -4*q + 8 = 0. Is g prime?
True
Let d(k) = k**2 - 12*k + 24. Let r be d(10). Suppose -j = 2*p - 401, r*j - 10 - 2 = 0. Is p a prime number?
True
Suppose 7758 = 2*i - 3070. Is i prime?
False
Suppose 6*w - 36625 = w + 2*g, -5*g = 5*w - 36660. Is w prime?
False
Let g(q) = q**3 + q**2 - 6*q - 6. Let m be g(-2). Suppose -153 - 24 = -a. Suppose 2*d - a = d - b, -b = m*d - 356. Is d a composite number?
False
Let t = 30 - 24. Is ((-498)/(-9))/(t/27) a prime number?
False
Let k = 69617 - 38148. Is k composite?
False
Suppose -3*o - 27 = -42. Suppose -5*v - 3*f = -3848, -1919 = -o*v + 3*f + 1923. Is v a prime number?
True
Suppose -2*g = -4, 2*b + 6*g - 1804 = 2*g. Is (4/6 - 1) + b/3 a prime number?
False
Let j be ((-30)/(-8))/(8/32). Suppose -i - 4*i + j = 0. Is i composite?
False
Suppose 4*g - 22 = 2. Let m be ((-33)/g)/((-2)/12). Suppose 2*q - m = q. Is q a prime number?
False
Is ((-2)/4)/((-12)/233592) a composite number?
False
Suppose 7*q = 4*q + 12. Let r be 2 - (3 - -1) - 4. Is (q/r)/(10/(-795)) a composite number?
False
Let o be (1 - 2) + -2*865. Is (o/(-12))/(2/40) a prime number?
False
Suppose 0 = -3*c - 535 - 1391. Let u = 169 - 209. Is c/8*u/15 prime?
False
Let r = 1 + -1. Let m(l) = l**3 - 5*l**2 - 12*l - 13. Let u be m(10). Suppose r = -6*q + 3313 - u. Is q composite?
False
Is 10/15 + (-700854)/(-18) + 2 composite?
True
Let c be 2/6 - 8/(-3). Let d = -66 + 70. Suppose b + d*b = -20, c*l - 37 = 4*b. Is l a prime number?
True
Let s(w) = 5*w**2 + 5*w - 5. Let p be s(2). Suppose -3*a - 35 = p. Let c = -7 - a. Is c a composite number?
False
Suppose 0 = -4*u - 4*g + 8, 2*g - 7 + 1 = -u. Suppose 6*w - d = w + 25, -4*d = 2*w + 12. Is 6 + u - (-207 - w) composite?
True
Let i be (927/(-2) - -3)*(-4)/6. Suppose i = 5*r - 1063. Is r composite?
True
Let c(k) = 14*k + 743. Is c(-44) composite?
False
Suppose -2*o = -0*y - 2*y + 120, 286 = 5*y + 2*o. Is (52/8 + -1)*y prime?
False
Let q be (-3 + -444)*11/3. Suppose -2 = -4*o + 3*o. Is (q/66)/(o/(-12)) composite?
False
Suppose -3*l - 6980 = 11875. Is ((-6)/9)/(10/l) a composite number?
False
Suppose -8*c + 6810 = -2*c. Suppose -d + 381 = -q + 2*q, -q + c = 3*d. Is d composite?
True
Let i = -1516 - -2610. Is i a composite number?
True
Let u be (-2)/4 + (-19)/(-38). Suppose u*h = -3*h + 554